se
Is 2852666 a multiple of 75?
False
Does 45 divide 95462190?
True
Does 56 divide 16135775?
False
Does 2085 divide 904890?
True
Is 166052484 a multiple of 101?
True
Is 4 a factor of 1730216?
True
Is 100 a factor of 81580200?
True
Does 11 divide 378902303?
False
Does 25 divide 6936125?
True
Does 265 divide 897366178?
False
Does 215 divide 117414632?
False
Is 32402144 a multiple of 61?
False
Is 57592480 a multiple of 761?
True
Is 902583 a multiple of 297?
True
Is 59673723 a multiple of 11?
False
Is 850 a factor of 981163500?
True
Does 10 divide 192532580?
True
Does 16 divide 29315952?
True
Is 387257995 a multiple of 20?
False
Is 2309 a factor of 66001929?
False
Is 774483052 a multiple of 142?
True
Is 65185192 a multiple of 244?
False
Does 2092 divide 30241952?
True
Is 3282916247 a multiple of 8109?
False
Does 9 divide 535980377?
False
Is 60147342 a multiple of 99?
False
Is 212380647 a multiple of 5?
False
Is 455 a factor of 24652810?
True
Is 252096667 a multiple of 344?
False
Is 62 a factor of 37367475?
False
Does 10 divide 618049966?
False
Is 10969146 a multiple of 6?
True
Is 44 a factor of 9191732?
True
Is 299760066 a multiple of 261?
True
Is 2224808850 a multiple of 150?
True
Is 23520087 a multiple of 5?
False
Does 29 divide 199719259?
True
Is 4 a factor of 34742620?
True
Does 60 divide 579692220?
True
Does 250 divide 51092750?
True
Does 121 divide 26374249?
True
Is 3647477291 a multiple of 458?
False
Is 357 a factor of 170124630?
False
Is 43268045 a multiple of 45?
False
Is 174180378 a multiple of 7903?
False
Is 4436639353 a multiple of 11784?
False
Is 108963712 a multiple of 88?
True
Is 22 a factor of 118850863?
False
Does 12 divide 97872812?
False
Is 20484506 a multiple of 1731?
False
Does 1798 divide 2258048773?
False
Does 424 divide 118920813?
False
Is 30190291 a multiple of 55?
False
Is 1145 a factor of 150968250?
True
Does 67 divide 10978685?
False
Does 2550 divide 158281245?
False
Does 3 divide 12590916?
True
Does 455 divide 735448582?
False
Does 2009 divide 557973633?
True
Is 1977606 a multiple of 18?
True
Does 2 divide 31755837?
False
Is 13 a factor of 179127445?
False
Is 467 a factor of 6130453801?
False
Is 17724200 a multiple of 802?
True
Is 19 a factor of 25743375?
False
Is 235 a factor of 2695578545?
True
Is 659212709 a multiple of 37?
False
Is 12 a factor of 22724772?
True
Does 61 divide 277627958?
True
Is 1438662408 a multiple of 13?
False
Is 26 a factor of 1003068950?
True
Is 97 a factor of 105920605?
True
Is 1007990983 a multiple of 19?
True
Is 36085983 a multiple of 47?
False
Is 379 a factor of 57816941?
False
Is 2749 a factor of 3148701851?
True
Is 180 a factor of 2506795?
False
Is 4467662397 a multiple of 9?
True
Does 167 divide 1114935798?
False
Does 201 divide 111534036?
False
Is 19 a factor of 43164770?
True
Is 2601480112 a multiple of 28?
True
Does 507 divide 1040364?
True
Is 1151 a factor of 821637811?
False
Is 13 a factor of 1780762278?
False
Is 2039189614 a multiple of 349?
False
Is 3163 a factor of 232395099?
True
Does 4 divide 11782619?
False
Does 3489 divide 1107456234?
False
Is 3 a factor of 72734560?
False
Is 1634 a factor of 346782186?
True
Is 1307 a factor of 1874541215?
False
Is 14 a factor of 9597196?
True
Is 15633587 a multiple of 3931?
True
Does 64 divide 84002427?
False
Does 14 divide 256004503?
False
Is 312230007 a multiple of 71?
False
Is 611 a factor of 364068627?
True
Is 584591 a multiple of 23?
True
Does 665 divide 174895?
True
Is 273944280 a multiple of 228?
True
Is 29231284 a multiple of 53?
False
Is 41122079 a multiple of 16?
False
Is 158852004 a multiple of 193?
False
Is 1294958791 a multiple of 7?
True
Is 25 a factor of 25285273?
False
Is 6311 a factor of 70430760?
True
Does 3919 divide 101618190?
False
Does 130 divide 500582534?
False
Is 2173 a factor of 119649726?
True
Is 25530208 a multiple of 176?
True
Does 3 divide 141225134?
False
Is 4739 a factor of 104528123?
True
Does 231 divide 84348591?
False
Does 3322 divide 263047704?
False
Does 17 divide 584124783?
False
Is 19865439 a multiple of 8?
False
Is 15 a factor of 99912147?
False
Does 1407 divide 628206?
False
Is 1094 a multiple of 225?
False
Is 8 a factor of 93170304?
True
Is 17 a factor of 239676031?
False
Is 70 a factor of 228165350?
True
Does 44 divide 19358108?
True
Is 8504456992 a multiple of 1544?
True
Is 5 a factor of 587519610?
True
Is 24 a factor of 2160406257?
False
Is 16733210 a multiple of 14?
False
Does 654 divide 539441436?
True
Is 3117274653 a multiple of 57?
True
Is 63950057 a multiple of 16?
False
Does 1447 divide 514874434?
True
Does 3 divide 5471179?
False
Is 13 a factor of 40435921?
False
Is 1091057550 a multiple of 19?
False
Is 197 a factor of 205298574?
False
Is 12 a factor of 517993308?
True
Does 30 divide 597110520?
True
Is 463 a factor of 20877629?
False
Is 514 a factor of 1018793996?
False
Does 21 divide 1315836748?
False
Does 19 divide 41832868?
False
Is 2905035660 a multiple of 6?
True
Does 17 divide 2563504?
False
Does 447 divide 158352879?
True
Is 95 a factor of 21210840?
True
Does 404 divide 1699034120?
True
Does 139 divide 277347256?
True
Is 1321 a factor of 120117209?
True
Does 319 divide 4633488398?
True
Is 284073756 a multiple of 7?
False
Is 28 a factor of 31797724?
True
Does 508 divide 7746396?
False
Does 50 divide 24725520?
False
Does 40 divide 976086120?
True
Does 1393 divide 48200586?
True
Is 19370977 a multiple of 160?
False
Is 2 a factor of 6440490?
True
Is 131377884 a multiple of 186?
False
Is 261423128 a multiple of 1604?
True
Does 670 divide 3990242620?
True
Is 40562638 a multiple of 384?
False
Does 329 divide 8140549?
False
Does 4694 divide 198304894?
False
Is 9 a factor of 16314209?
False
Is 2704 a factor of 2266755088?
True
Does 25 divide 448858014?
False
Does 114 divide 42124140?
True
Is 65935035 a multiple of 67?
True
Is 2650 a factor of 799791200?
True
Does 373 divide 195626937?
True
Does 6 divide 647581?
False
Is 36863827 a multiple of 39?
False
Is 1214 a factor of 321472056?
True
Is 1680 a factor of 351277551?
False
Is 230 a factor of 30838400?
True
Is 398 a factor of 26256549?
False
Is 1907 a factor of 22986978?
True
Is 9 a factor of 115092148?
False
Does 3 divide 19712475?
True
Does 2178 divide 30077465?
False
Is 2471054272 a multiple of 152?
True
Does 28 divide 1708991743?
False
Is 3040472880 a multiple of 3884?
True
Is 4 a factor of 210269253?
False
Is 91 a factor of 101621156?
True
Is 3118 a factor of 246240932?
True
Is 322483355 a multiple of 4040?
False
Does 4866 divide 319506426?
True
Does 312 divide 2919627048?
True
Does 19 divide 213678371?
False
Is 19394880 a multiple of 5340?
True
Does 9 divide 15375530?
False
Does 113 divide 6517727?
True
Is 724330035 a multiple of 31?
True
Is 878 a factor of 70099043?
False
Is 79146026 a multiple of 1757?
False
Is 1642 a factor of 580657176?
True
Is 49 a factor of 88316282?
False
Does 21 divide 3572984?
False
Is 10 a factor of 2863434?
False
Is 1073427263 a multiple of 66?
False
Does 1653 divide 643255252?
False
Is 3337324 a multiple of 3090?
False
Is 304567351 a multiple of 71?
True
Does 8 divide 9296731?
False
Is 187 a factor of 320802131?
False
Is 5587880950 a multiple of 29?
True
Is 5289 a factor of 564069432?
False
Is 515831580 a multiple of 6486?
True
Does 1600 divide 350652800?
True
Does 3 divide 8875181?
False
Is 278461457 a multiple of 51?
False
Is 399 a factor of 1157428776?
True
Does 48 divide 417487344?
True
Is 26082495 a multiple of 1107?
False
Is 1183 a factor of 14085981?
True
Is 5284568 a multiple of 3?
False
Is 62 a factor of 159379060?
True
Is 30796927 a multiple of 7?
True
Is 124 a factor of 113179833?
False
Is 725297248 a multiple of 7973?
False
Is 5700974682 a multiple of 169?
True
Is 111 a factor of 80340690?
True
Is 4451235425 a multiple of 4385?
True
Is 539 a factor of 41980507?
False
Is 2 a factor of 28240338?
True
Does 147 divide 183187145?
False
Does 9 divide 1469463?
False
Does 217 divide 59601220?
True
Does 18 divide 14627844?
True
Is 25930611 a multiple of 551?
True
Is 2343 a factor of 1558943166?
True
Does 22 divide 550533535?
False
Is 3629 a factor of 112113844?
False
Is 8933 a factor of 3358779506?
False
Is 83614020 a multiple of 140?
True
Is 10562850 a multiple of 218?
False
Is 98 a factor of 763557